 101014410 + -40?
101014320
In base 14, what is -c1 - 20440?
-20521
In base 2, what is -1010 - -110011101000010100011100?
110011101000010100010010
In base 5, what is 133021330002 - -3?
133021330010
In base 9, what is 3 - 20558066?
-20558063
In base 13, what is 3 + 315c55?
315c58
In base 3, what is 11022022010 + 222122?
11100021202
In base 15, what is -2edc63 + 12e?
-2edb34
In base 11, what is 1 + -6779481?
-6779480
In base 3, what is 12210222 + -2212001?
2221221
In base 7, what is -230 + 12220600?
12220340
In base 8, what is 14 - 417552373?
-417552357
In base 16, what is -194e + -209?
-1b57
In base 2, what is 11 + 10101010011010110?
10101010011011001
In base 6, what is 13404431 + -211?
13404220
In base 2, what is 10111000111111100011100101 - -1?
10111000111111100011100110
In base 7, what is 44 + 23521?
23565
In base 8, what is -71436 + -72?
-71530
In base 4, what is 112 + 11303130?
11303302
In base 8, what is 16261 + -21216?
-2735
In base 7, what is 15 + 3352021?
3352036
In base 15, what is -17dc - -635?
-11a7
In base 14, what is -2a64 + c23?
-1c41
In base 13, what is -2b + 734253?
734225
In base 12, what is 301262 + 131?
301393
In base 12, what is 93432 - 281?
93171
In base 11, what is 6a404 + 38?
6a441
In base 8, what is 7027 + -57121?
-50072
In base 9, what is -54 - 18531?
-18585
In base 11, what is -109 - -50999?
50890
In base 2, what is 10100101101 + 100101011101010010?
100101110001111111
In base 15, what is -32 - -181ec?
181ba
In base 15, what is -24a443 + 6?
-24a43c
In base 15, what is 152e5 - -5ee?
158e4
In base 4, what is 2022032100 + 31?
2022032131
In base 4, what is 1121221 - 1030120330?
-1022333103
In base 12, what is -183b8a + -6?
-183b94
In base 16, what is 54f252 + 66?
54f2b8
In base 14, what is -3 - -2a624a?
2a6247
In base 9, what is 520133 + 770?
521013
In base 13, what is -8c8c963b + -1?
-8c8c963c
In base 2, what is -1110000000 + 1110110010100110?
1110100100100110
In base 5, what is -34231 - 21432201?
-22021432
In base 9, what is 26541215 + -5?
26541210
In base 15, what is 1d92 + -2dd8?
-1046
In base 16, what is -c5b9c0 - -3?
-c5b9bd
In base 4, what is 12222 + -2011322112?
-2011303230
In base 13, what is 1082822 - 2c?
10827c3
In base 16, what is 3 - 40c3397?
-40c3394
In base 4, what is 2100303 - 2000022?
100221
In base 16, what is fb40a + -b?
fb3ff
In base 7, what is -20 - 162636?
-162656
In base 4, what is 12223203102 + -20?
12223203022
In base 2, what is -10111101110 - 1110101001010010?
-1111000001000000
In base 12, what is 1582152 - -19?
158216b
In base 7, what is 12535 - 3625?
5610
In base 6, what is 3541 + -25522?
-21541
In base 15, what is 1 + -91d4?
-91d3
In base 7, what is -331021163 - 0?
-331021163
In base 14, what is -a75230 - -15?
-a75219
In base 13, what is 3 + 10709963?
10709966
In base 7, what is 13441 - 1111402?
-1064631
In base 9, what is -12060 + -20251?
-32321
In base 12, what is -1 - 521611a?
-521611b
In base 2, what is -10110001 - -110111010010110?
110110111100101
In base 6, what is 2 + 4002355333?
4002355335
In base 13, what is 10c3b2 - 31?
10c381
In base 3, what is 221111012 + 11020?
221122102
In base 6, what is 4 + 552105435?
552105443
In base 5, what is -1014 - 1004333?
-1010402
In base 3, what is -12202021222 + -121?
-12202022120
In base 6, what is 11222120 + -131?
11221545
In base 16, what is -8cc0 + c36?
-808a
In base 12, what is -418b + -545?
-4714
In base 15, what is -963145 + -47?
-96318c
In base 3, what is -1011001021012 + 1?
-1011001021011
In base 9, what is -13450651 + -4?
-13450655
In base 4, what is -1332001103231 + 2?
-1332001103223
In base 6, what is -2522 + 2050025?
2043103
In base 13, what is -75 + 373787?
373712
In base 14, what is 204 + -2752?
-254c
In base 11, what is -2 + 951669?
951667
In base 6, what is -14053 - -12545125?
12531032
In base 4, what is 133301 - 1121102?
-321201
In base 7, what is -3111265441 - 2?
-3111265443
In base 14, what is -b7d00b5 + 3?
-b7d00b2
In base 13, what is -311 - 169283?
-169594
In base 15, what is 11 - -48bdc34?
48bdc45
In base 15, what is 3d4e66 + 0?
3d4e66
In base 15, what is 33e + -2dc5?
-2a86
In base 10, what is 669 - -1412?
2081
In base 3, what is 2 - -101002202012222?
101002202020001
In base 3, what is 10202 + 1100210001220?
1100210012122
In base 11, what is 470 - -34649?
35009
In base 4, what is 1123213231 - -10313?
1123230210
In base 15, what is 1 + -36a7ea?
-36a7e9
In base 7, what is 20420501 + -33?
20420435
In base 4, what is 1131111 + 20233120?
22030231
In base 10, what is 10734 + 3170?
13904
In base 11, what is 721 - -192a?
2550
In base 3, what is -1 + 2221120202111?
2221120202110
In base 16, what is -14062 + 682?
-139e0
In base 9, what is -4 - -12001133?
12001128
In base 11, what is -2a00 + -3520?
-6420
In base 13, what is -4 + 1044927?
1044923
In base 8, what is 230 - -216722?
217152
In base 9, what is 41486 - -5?
41502
In base 9, what is 20237040 + 3?
20237043
In base 4, what is -1000122 - -21212?
-312310
In base 16, what is -56b + -10f8?
-1663
In base 5, what is -13431133 + -10310?
-13441443
In base 9, what is -2535 + -2436?
-5072
In base 12, what is -6b - b64?
-1013
In base 13, what is -1 - 4c68b90?
-4c68b91
In base 8, what is -4637 - 106742?
-113601
In base 10, what is 45823 - 81?
45742
In base 6, what is -51423 - 1533325?
-2025152
In base 13, what is -413c94 + -5?
-413c99
In base 6, what is -4 - -2002533332?
2002533324
In base 8, what is -4 - -25550372?
25550366
In base 15, what is -73a - -d425?
cbda
In base 6, what is -3 - -13441103203?
13441103200
In base 6, what is 2102 + 1554?
4100
In base 12, what is -4bb8a - 2a9?
-50277
In base 14, what is -ba - 1cbd9a?
-1cc076
In base 14, what is -3cd62 - 4d6?
-3d458
In base 11, what is 3 + -4a73539?
-4a73536
In base 5, what is 414300 - -11012?
430312
In base 15, what is -5 + -2372ce?
-2372d4
In base 7, what is -24 - -3502432?
3502405
In base 6, what is -111 + -122313?
-122424
In base 13, what is -927 - -ac?
-848
In base 11, what is 3230 - 3067?
174
In base 10, what is -979284 + 15?
-979269
In base 4, what is 22302232221 - 11?
22302232210
In base 12, what is -12 + 279943?
279931
In base 12, what is -194aa + -10730?
-2a01a
In base 6, what is -34 - 24324550?
-24325024
In base 8, what is -1455 + 2774443?
2772766
In base 15, what is -e5d5 - -22?
-e5b3
In base 7, what is -653 - 361132?
-362115
In base 16, what is 2129 - 9a8?
1781
In base 6, what is -2213 - -14414314?
14412101
In base 2, what is -11010101111001 - 1001010111?
-11011111010000
In base 9, what is 37416050 - -3?
37416053
In base 2, what is 1010100100000010001 + 10010?
1010100100000100011
In base 12, what is -335a - 268b?
-5a29
In base 14, what is -6 - -67b7d?
67b77
In base 14, what is -20a07 + -d9?
-20b02
In base 9, what is -217441825 + 4?
-217441821
In base 13, what is 336c81 - 67?
336c17
In base 2, what is 11100000111100101001100101 - 110?
11100000111100101001011111
In base 5, what is 100 - 13444023?
-13443423
In base 12, what is -12732499 + 4?
-12732495
In base 9, what is 4444 + -6251?
-1706
In base 7, what is 2 - -1424653032?
1424653034
In base 6, what is 512534241 + 12?
512534253
In base 4, what is 3 + -123213223002?
-123213222333
In base 7, what is 4 + 651355551?
651355555
In base 9, what is 4841 - -1154?
6105
In base 4, what is -1 - -22023321210330?
22023321210323
In base 14, what is 6 - -680ca0?
680ca6
In base 12, what is 76450 - -51?
764a1
In base 11, what is 3642307 + 47?
3642353
In base 13, what is 4 + 2206b4?
2206b8
In base 8, what is 512242011 - 5?
512242004
In base 3, what is 100002221211 - -2121222?
100012120210
In base 16, what is -5457 - 1cc?
-5623
In base 10, what is 49 + 1580260?
1580309
In base 15, what is -10a28 - -2c8?
-10750
In base 13, what is 72148 + -27c?
71b99
In base 2, what is -1 - 10011001100001001000111?
-10011001100001001001000
In base 3, what is -2 + 101011010112112100?
101011010112112021
In base 12, what is 3 + -933447?
-933444
In base 15, what is -3a9bae + 4?
-3a9baa
In base 8, what is -17402221 - 7?
-17402230
In base 10, what is 2261885 + 21?
2261906
In base 2, what is 110 + 10100111111110101110?
10100111111110110100
In base 4, what is 330 - 33220001?
-33213011
In base 5, what is -11 + -12200312?
-12200323
In base 14, what is 4c2 - -39c?
880
In base 8, what is 17276201 + -3?
17276176
In base 16, w